it of 13386?
8
What is the tens digit of 9094?
9
What is the units digit of 381?
1
What is the hundreds digit of 57776?
7
What is the hundreds digit of 4417?
4
What is the tens digit of 455?
5
What is the tens digit of 8602?
0
What is the units digit of 100473?
3
What is the tens digit of 23461?
6
What is the tens digit of 174645?
4
What is the hundreds digit of 646?
6
What is the thousands digit of 2921?
2
What is the hundreds digit of 2958?
9
What is the hundreds digit of 995?
9
What is the thousands digit of 40913?
0
What is the hundreds digit of 258?
2
What is the tens digit of 8683?
8
What is the units digit of 2390?
0
What is the tens digit of 6458?
5
What is the hundreds digit of 5529?
5
What is the tens digit of 619?
1
What is the tens digit of 909?
0
What is the thousands digit of 1011?
1
What is the ten thousands digit of 18468?
1
What is the thousands digit of 2554?
2
What is the tens digit of 513?
1
What is the thousands digit of 1923?
1
What is the units digit of 187?
7
What is the tens digit of 51638?
3
What is the hundreds digit of 4264?
2
What is the tens digit of 193?
9
What is the units digit of 696?
6
What is the hundred thousands digit of 103136?
1
What is the hundreds digit of 40469?
4
What is the thousands digit of 48751?
8
What is the tens digit of 207?
0
What is the units digit of 3420?
0
What is the hundreds digit of 858?
8
What is the units digit of 6102?
2
What is the units digit of 1680?
0
What is the hundreds digit of 92655?
6
What is the units digit of 4606?
6
What is the hundreds digit of 1713?
7
What is the thousands digit of 1447?
1
What is the tens digit of 724?
2
What is the units digit of 2552?
2
What is the ten thousands digit of 25545?
2
What is the units digit of 2075?
5
What is the hundreds digit of 5565?
5
What is the tens digit of 9865?
6
What is the hundreds digit of 3378?
3
What is the units digit of 2780?
0
What is the thousands digit of 5857?
5
What is the tens digit of 2877?
7
What is the units digit of 6357?
7
What is the tens digit of 29182?
8
What is the hundreds digit of 6424?
4
What is the units digit of 411?
1
What is the tens digit of 11714?
1
What is the hundreds digit of 27147?
1
What is the thousands digit of 3939?
3
What is the hundreds digit of 3006?
0
What is the hundreds digit of 1215?
2
What is the units digit of 857?
7
What is the tens digit of 9932?
3
What is the hundreds digit of 6795?
7
What is the ten thousands digit of 26344?
2
What is the units digit of 14673?
3
What is the thousands digit of 4031?
4
What is the hundred thousands digit of 121731?
1
What is the units digit of 7812?
2
What is the thousands digit of 22370?
2
What is the units digit of 1002?
2
What is the units digit of 996?
6
What is the tens digit of 154836?
3
What is the hundreds digit of 2442?
4
What is the thousands digit of 9222?
9
What is the units digit of 41520?
0
What is the hundreds digit of 7795?
7
What is the units digit of 1780?
0
What is the tens digit of 9999?
9
What is the thousands digit of 6545?
6
What is the hundreds digit of 7754?
7
What is the units digit of 3160?
0
What is the tens digit of 4644?
4
What is the units digit of 2214?
4
What is the hundreds digit of 1029?
0
What is the tens digit of 6989?
8
What is the thousands digit of 1235?
1
What is the hundreds digit of 1047?
0
What is the hundreds digit of 616?
6
What is the tens digit of 134592?
9
What is the units digit of 3725?
5
What is the hundreds digit of 25097?
0
What is the ten thousands digit of 11736?
1
What is the thousands digit of 78913?
8
What is the units digit of 4829?
9
What is the hundreds digit of 31951?
9
What is the thousands digit of 3188?
3
What is the units digit of 32865?
5
What is the units digit of 2604?
4
What is the tens digit of 41759?
5
What is the hundreds digit of 5490?
4
What is the hundreds digit of 2903?
9
What is the hundred thousands digit of 113182?
1
What is the thousands digit of 40482?
0
What is the hundreds digit of 2646?
6
What is the ten thousands digit of 10881?
1
What is the ten thousands digit of 18043?
1
What is the ten thousands digit of 12133?
1
What is the tens digit of 5780?
8
What is the units digit of 6155?
5
What is the units digit of 204?
4
What is the ten thousands digit of 21116?
2
What is the tens digit of 3786?
8
What is the tens digit of 74246?
4
What is the thousands digit of 13493?
3
What is the units digit of 21140?
0
What is the thousands digit of 73678?
3
What is the units digit of 77?
7
What is the thousands digit of 4436?
4
What is the hundreds digit of 35076?
0
What is the tens digit of 539?
3
What is the hundreds digit of 601?
6
What is the tens digit of 20409?
0
What is the tens digit of 38210?
1
What is the units digit of 44822?
2
What is the hundreds digit of 18763?
7
What is the tens digit of 58067?
6
What is the tens digit of 12657?
5
What is the units digit of 714?
4
What is the units digit of 68736?
6
What is the hundreds digit of 9440?
4
What is the hundreds digit of 41904?
9
What is the tens digit of 3628?
2
What is the thousands digit of 9108?
9
What is the units digit of 599?
9
What is the hundreds digit of 5154?
1
What is the thousands digit of 1782?
1
What is the units digit of 2550?
0
What is the hundreds digit of 178222?
2
What is the tens digit of 2447?
4
What is the hundreds digit of 97201?
2
What is the ten thousands digit of 17691?
1
What is the units digit of 8725?
5
What is the thousands digit of 5237?
5
What is the hundreds digit of 1605?
6
What is the hundreds digit of 25823?
8
What is the hundreds digit of 2548?
5
What is the tens digit of 2556?
5
What is the tens digit of 402?
0
What is the hundreds digit of 6043?
0
What is the hundreds digit of 38013?
0
What is the units digit of 37030?
0
What is the thousands digit of 9464?
9
What is the units digit of 1402?
2
What is the tens digit of 1008?
0
What is the hundreds digit of 2226?
2
What is the tens digit of 32?
3
What is the thousands digit of 3190?
3
What is the hundreds digit of 39663?
6
What is the units digit of 5170?
0
What is the thousands digit of 52185?
2
What is the hundreds digit of 378?
3
What is the thousands digit of 6690?
6
What is the hundreds digit of 162242?
2
What is the tens digit of 2331?
3
What is the units digit of 478?
8
What is the units digit of 16332?
2
What is the tens digit of 2743?
4
What is the tens digit of 14505?
0
What is the hundreds digit of 41500?
5
What is the hundreds digit of 2050?
0
What is the hundreds digit of 246?
2
What is the thousands digit of 30735?
0
What is the units digit of 20896?
6
What is the units digit of 33524?
4
What is the hundreds digit of 120842?
8
What is the hundreds digit of 78363?
3
What is the units digit of 2147?
7
What is the units digit of 8482?
2
What is the thousands digit of 8924?
8
What is the units digit of 1397?
7
What is the thousands digit of 119967?
9
What is the tens digit of 41?
4
What is the units digit of 780?
0
What is the units digit of 5246?
6
What is the hundreds digit of 29260?
2
What is the hundreds digit of 1019?
0
What is the thousands digit of 14688?
4
What is the thousands digit of 1277?
1
What is the tens digit of 469?
6
What is the tens digit of 620?
2
What is the hundreds digit of 14834?
8
What is the units digit of 166206?
6
What is the units digit of 1161?
1
What is the tens digit of 1834?
3
What is the ten thousands digit of 10394?
1
What is the thousands digit of 19377?
9
What is the ten thousands digit of 11775?
1
What is the thousands digit of 41031?
1
What is the tens digit of 58653?
5
What is the ten thousands digit of 17888?
1
What is the units digit of 7753?
3
What is the units digit of 1142?
2
What is the ten thousands digit of 103451?
0
What is the tens digit of 2559?
5
What is the units digit of 1003?
3
What is the units digit of 14538?
8
What is the tens digit of 28785?
8
What is the units digit of 4355?
5
What is the units digit of 15352?
2
What is the tens digit of 17093?
9
What is the units digit of 110035?
5
What is the hundreds digit of 3563?
5
What is the tens digit of 1981?
8
What is the tens digit of 9116?
1
What is the hundreds digit of 1615?
6
What is the hundreds digit of 701?
7
What is the units digit of 529?
9
What is the hundreds digit of 3734?
7
What is the thousands